3
Let s(m) = -m**3 - 9*m**2 - 6. Let z be s(-9). List the prime factors of 1 - (z - -2 - -2).
3
List the prime factors of (-4)/(8/(-122)) + -4.
3, 19
Suppose 0 = 5*b - 31 - 169. List the prime factors of b.
2, 5
Let o be 46/(-10) - (-10)/(-25). Let b = 3 - o. List the prime factors of b.
2
Suppose 235 = 27*d - 22*d. List the prime factors of d.
47
Suppose 8*o - 255 = 3*o. What are the prime factors of o?
3, 17
Let m be (-80)/14 + 2/(-7). Suppose -3*q + 43 = k + k, 2*q - 28 = -2*k. Let j = q + m. What are the prime factors of j?
3
Let b = -19 + 0. Let o = 36 - b. Let c = -39 + o. List the prime factors of c.
2
Let m = 8 + 0. Suppose 0 = x - m - 6. What are the prime factors of x?
2, 7
Let r be (4 - 3) + (-2)/2. Suppose r = -4*h + 15 + 93. List the prime factors of h.
3
Suppose 0 = 3*d - d - 10. Suppose -3*k - 5*m + 12 = 51, d*k + 3*m + 49 = 0. What are the prime factors of k/18*-3*6?
2
Let s be 0 + (0 - 0) + -5. Let k(f) = f**2 + 7*f + 7. Let h be k(s). List the prime factors of (-4)/h*(-24)/(-2).
2
Let h = 127 - 79. List the prime factors of h.
2, 3
Suppose -3*y + a - 2 = -18, 0 = -4*y - 4*a + 32. Let l = y - 0. Suppose l = -m + 3*j, -m + 3*m = 2*j. What are the prime factors of m?
3
Suppose 0 = w - 2*w + 8. Let h = -4 + w. List the prime factors of h.
2
Let a = 7 + 16. Suppose -p + 3 + 4 = -2*o, a = 2*o + 5*p. What are the prime factors of (o*(1 - -6))/(-1)?
7
Let b = 2 - 2. Let q be 3 - (-1 + b/1). Suppose 21 = -p + q*p. List the prime factors of p.
7
List the prime factors of ((1 - 2)*26)/(-1).
2, 13
Let t(m) = -2*m - 5. Let k be t(-5). Let s(j) = -k + 0*j + 1 - 2*j + j**2. What are the prime factors of s(4)?
2
Let n(u) = -u**2 + 11*u - 11. Let k be n(10). Let r be (4/2 - -2) + k. Suppose -2*i = -r*i + 3. List the prime factors of i.
3
Let o be (-115)/(-35) + 4/(-14). List the prime factors of (-104)/(-6) - (-2)/o.
2, 3
Suppose 2*y + 2 = 2*d + 4*y, -5*d = 2*y - 20. Suppose 0*i = -3*i + d. Suppose 3*f - 16 = i. What are the prime factors of f?
2, 3
Suppose 2*j = -4*b - b + 280, -3*j = -4*b + 201. Let s = -16 + b. List the prime factors of s.
2, 19
Suppose 196 = -2*g + 476. What are the prime factors of g?
2, 5, 7
Let m = 89 - 47. List the prime factors of m.
2, 3, 7
Suppose z - 5*z + 750 = -2*a, 0 = -3*z + 5*a + 580. What are the prime factors of z?
5, 37
Suppose 4*m + m + 15 = 0. Let w = 5 - m. List the prime factors of w.
2
Suppose -6*x + 2*x + 1624 = 0. What are the prime factors of x?
2, 7, 29
Let r = 44 - -12. List the prime factors of r.
2, 7
Suppose 0 = -2*s - 3*s + g + 110, 0 = -5*s + 5*g + 110. List the prime factors of s.
2, 11
Let h = -5 + 20. What are the prime factors of h?
3, 5
Suppose -4*r + 54 = -r. What are the prime factors of r?
2, 3
Let k(a) = 2*a + 8. Let b be k(7). Let m = b - 16. List the prime factors of 3/m*(6 + 0).
3
Suppose -5*z - f = -3*z - 4, 20 = -5*f. Suppose -6*c + 2*c + 102 = -x, 0 = -2*c + x + 52. Suppose 4*n - 8 = -o, 4*n - z*o = n + c. List the prime factors of n.
3
Suppose -4*g = -2*v + 12, -4*g = -3*v + 10 + 6. Let w = 11 + v. What are the prime factors of w?
3, 5
Let q be (-1)/(1*1/(-2)). Let n = 5 + -4. What are the prime factors of 11 + q + n*-2?
11
Let s = -80 + 112. What are the prime factors of s?
2
Let d = 3 - -2. Suppose -3*j - 10 = -3*u - 4*j, 2*u = -d*j + 11. Let n = u + 4. What are the prime factors of n?
7
Suppose -2*n = -3*u + 355, -n - 335 = -3*u - 3*n. What are the prime factors of u?
5, 23
Let l = 581 + -361. What are the prime factors of l?
2, 5, 11
Let p = 194 - 109. What are the prime factors of p?
5, 17
Let l = -14 - -11. Let i = -1 - l. List the prime factors of i.
2
Let s(r) = 5*r - 5. Let w be s(7). Suppose 3*l + 0 = 12. Suppose -3*o + 10 = 3*g - 4*o, l*o = -2*g + w. What are the prime factors of g?
5
Suppose 0 = -2*y + 5*j - 35 + 158, -y + 54 = -4*j. What are the prime factors of y?
2, 37
Let v = 20 + -29. List the prime factors of 1/(v/(-4) + -2).
2
Let z(w) = w - 7*w + 2 + 8*w**2 - 6*w**2. What are the prime factors of z(4)?
2, 5
Let c(a) be the second derivative of a**3/6 - 5*a**2/2 + 2*a. What are the prime factors of c(10)?
5
Let a(w) = w**2 - w + 2. Let o be a(0). Suppose z - 3*c - c = 43, 0 = o*z + 3*c - 75. List the prime factors of z.
3, 13
List the prime factors of 12/28 - 64/(-14).
5
Let o be 3/(-9) - 10/(-3). Let t(m) = m**3 + 2*m**2 - 3*m - 1. Let d be t(-3). Let z = o - d. What are the prime factors of z?
2
Let r = 24 + -9. Suppose -6*u + 4*u = -22. Let d = r - u. List the prime factors of d.
2
Suppose 0 = -3*k + 4*k - 7. List the prime factors of k.
7
Let a(w) = -2*w**3 - 2*w + 4*w**2 + 3*w**3 - 15 + 6*w**2. Let u be a(-10). Suppose u*o - 30 = -0*o. What are the prime factors of o?
2, 3
Let x(r) = r**2 - 19*r + 26. Let i be x(18). Suppose i*g - 220 = 3*g. What are the prime factors of g?
2, 11
Suppose -s + 3*m = -0*s - 97, -4*m + 504 = 5*s. List the prime factors of (s/30)/((-4)/(-66)).
5, 11
Suppose 4*r - 346 = 122. What are the prime factors of r?
3, 13
Suppose x = -2*x - 18. Let n(v) = -2*v - 6. What are the prime factors of n(x)?
2, 3
Let j be (2 - 4 - -3) + 1. Suppose 0*f = j*f - 24. Suppose 0 = 2*m - f - 22. What are the prime factors of m?
17
Let l(n) = -n**3 - 5*n**2 - 2*n + 4. Let t(b) = b**3 + 5*b**2 + 2*b - 3. Let d(u) = 6*l(u) + 7*t(u). What are the prime factors of d(-4)?
11
Suppose 0 = -4*t + 2 + 2. Let o be (2/(-4))/(t/10). Let c = -3 - o. What are the prime factors of c?
2
Let k = 0 - -1. Suppose 3 = 2*v + k. What are the prime factors of (1 - -3) + v*2?
2, 3
Suppose -2*r = -r + 4. Let c(h) = -1 + 3 - 5*h**2 - 4*h**2 - 5*h + 8*h**2. What are the prime factors of c(r)?
2, 3
Let g(q) = -q**2 - q. Let n be g(0). Suppose -3*d = -3*c + 18, -3*c + d + 20 = -n*d. What are the prime factors of ((-7)/(-2))/(c/14)?
7
Let c(s) = 3*s**2 - s - 24. List the prime factors of c(7).
2, 29
Let r = 21 - 10. Suppose -a + r = -3*w, -3*a = -2*w - 4 - 8. Suppose -5*m = 5*c - 85, -c = -a*m + 2*c + 49. What are the prime factors of m?
2, 5
Let p(v) = v**3 - 7*v**2 - 5*v + 1. Let y = 6 - -2. List the prime factors of p(y).
5
Suppose -35 = -3*s - 2. List the prime factors of s.
11
Let o(i) = -i**3 + 4*i**2 - 3*i + 3. Suppose 0 = -6*n + n + 15. Let u be o(n). Suppose t + u*t + 5*k + 13 = 0, -3*t = 4*k + 11. What are the prime factors of t?
3
What are the prime factors of 3*(-4)/(-6) + 0?
2
Let h = -38 - -95. What are the prime factors of h?
3, 19
Let u be 1*2*(1 + -15). List the prime factors of u/(-2) + (2 - 2).
2, 7
Suppose 3*w - 5*n - 82 = -3*n, -5*n - 135 = -5*w. List the prime factors of w.
2, 7
Suppose 3*j - 15 = 15. Let r be 3*2 + (-3 - -2). Let x = j - r. What are the prime factors of x?
5
Let k = 5 - 11. Let r(s) = -s**3 - 6*s**2 - s - 3. Let z be r(k). Suppose -17 - 16 = -4*h - z*f, -2*h = f - 17. List the prime factors of h.
3
Suppose 3*i + 201 = 2*q + 6*i, -5*q - 5*i + 505 = 0. What are the prime factors of q?
2, 3, 17
Let h = 4 - 6. Let j(i) = i**2 + 2. Let t be j(h). Suppose -4*y = -2*y - t. List the prime factors of y.
3
Suppose 3*d = -15 + 60. Suppose 2*c - d = c. What are the prime factors of c?
3, 5
List the prime factors of 16/56 - (-103)/7.
3, 5
What are the prime factors of (-5)/(-15) + 310/6*1?
2, 13
Let v be (3 - 3) + 2 - 2. Suppose 2*b + 2 = -2*a, v = 3*a + 5*b - 9 + 2. Let k = -4 - a. List the prime factors of k.
2
Let x be (-1 + 6)*(-10)/(-2). Let y = -8 + x. List the prime factors of y.
17
What are the prime factors of (42/(-49))/((-2)/84)?
2, 3
Let v(m) = m**2 + 10*m + 8. What are the prime factors of v(-13)?
47
Let k(n) = -n - 6. Let c be k(-7). Let b = c + 1. List the prime factors of b.
2
Suppose 2*a - 14 = 2*v, 3*v + 2*v - a = -31. Let d be (v/(-8))/(3/12). Suppose -1 = d*m + 2, 4*l - 69 = -3*m. What are the prime factors of l?
2, 3
Suppose f + 126 = -5*a - 0*f, 3*a + 66 = -3*f. Suppose p + 3*s = -41, -2*p = -6*s + 2*s + 92. Let k = a - p. What are the prime factors of k?
2, 3
Suppose -7 - 8 = -5*l. Suppose q - 38 = -l*a, q = 3*a - 5*a + 38. What are the prime factors of q?
2, 19
Let y = 0 + 5. Let c be (-15)/y + 0 + -1. Let d(x) = x**3 + 5*x**2 + x. What are the prime factors of d(c)?
2, 3
Suppose -3*l = -0 - 6. What are the prime factors of (60/8)/(1/l)?
3, 5
Suppose 5*j + 9 + 2 = 3*y, -y + j + 5 = 0. Suppose -5 = -4*u + y. What are the pr